/48 - 685*(-1)/2?
2
Suppose 4*i = 5*f + i - 2244, -2*f + 890 = -5*i. What is the units digit of f?
0
Suppose -4 = 4*y + 4*l - 0*l, 3*y - 5*l - 13 = 0. Suppose y = b - 57. What is the units digit of b?
8
What is the units digit of 15 - 20 - (1 + 464)/(-1)?
0
Suppose -25 + 9 = 4*y. Let s = 2 + y. Let k = s + 14. What is the units digit of k?
2
Suppose 2*y = 3*y - 9. Suppose 0 = -y*v + 4*v + 290. What is the units digit of v?
8
What is the tens digit of 3/(((-21)/3353)/(-1))?
7
Let k(y) = 9*y + 49. What is the tens digit of k(27)?
9
Suppose -3*i + 3859 = 36*d - 37*d, -2*d + 10 = 0. What is the tens digit of i?
8
Let n(d) = 2*d**2 - 10*d - 2. Let m be n(7). What is the tens digit of ((-134)/3)/(m/(-39))?
6
Suppose -m + 0*h = -h - 7, 4*m - 2*h = 34. Suppose -34 - m = r. Let n = 23 - r. What is the tens digit of n?
6
Let k(v) = -v**2 - 7*v + 2. Let s be k(-7). Suppose -17 = s*j - 5. Let u(y) = -10*y + 6. What is the tens digit of u(j)?
6
Suppose 48*q - 39*q = 171. Suppose 15 = 5*k, 40 = 8*n - 4*n - 4*k. Let x = q - n. What is the units digit of x?
6
Let c(m) = -m**2 + m + 1. Let t(k) = -k**2 - 9*k - 3. Let w(f) = 2*c(f) - t(f). Suppose 4*j = -p + 41, -8 = -j - 5*p + 7. What is the units digit of w(j)?
5
Let y(o) be the first derivative of o**4/4 - 8*o**3/3 - 7*o**2/2 + 4*o + 1. Suppose 2*a - 2*p = 20, -4*a - 3*p = -44 + 11. What is the tens digit of y(a)?
2
Let p be (4 + 18/(-4))*-4. Let m = p - 1. What is the units digit of (5/15)/(m/189)?
3
Let g = -6557 + 10957. What is the tens digit of g?
0
Suppose -2*i = -450 + 144. What is the tens digit of i?
5
Let s = 1 - -1. Suppose -2 = j - s*j. Suppose j*k = -4*l + 3*k + 167, 0 = -2*l - 2*k + 96. What is the units digit of l?
3
Suppose 4*c - 3*c - 82 = 0. Let s = c - 41. What is the tens digit of s?
4
Let j(b) = -361*b**3 - b**2 - 7*b - 6. What is the tens digit of j(-1)?
6
Suppose 5*t - 776 = -3*g, 42*g = 40*g - 4*t + 514. What is the units digit of g?
7
Suppose 0 = -n - 5*s + 294, -2*n + 2*s + 159 = -429. What is the hundreds digit of n?
2
What is the tens digit of 3/10*3655/102*4?
4
What is the hundreds digit of 2 - ((-5)/(-30) + (-3487)/6)?
5
Suppose -g = -r + 6, r - 15 = -0*g + 4*g. Let f(z) = -z**3 + z**2 + 5*z + 7. What is the units digit of f(g)?
8
Suppose -72094 = 30*q - 88*q. What is the hundreds digit of q?
2
Let g(w) = 4*w + 4. Let z(p) = -1. Suppose 3*q = -0*h - 3*h + 3, 2 = h. Let b(a) = q*g(a) - 4*z(a). What is the tens digit of b(-3)?
1
Let w = -2 + 5. Suppose w*i - 3*y = 1203, -3*y - 237 = 4*i - 1869. What is the units digit of ((-2)/6)/((-15)/i)?
9
Let y = 3413 + -2056. What is the hundreds digit of y?
3
Let r = 24 - 23. Let m be (3936/(-16))/(r*-1). Suppose -2*g + 4*p + m = 3*g, 38 = g + 2*p. What is the tens digit of g?
4
Let l be ((-62)/12)/(15/(-90)). Let u(o) = -o**3 - 3*o**2 + 2*o + 4. Let x be u(-4). Let n = l + x. What is the units digit of n?
3
Suppose 33 = -4*j - 3. Let q = 25 + -14. Let t = j + q. What is the units digit of t?
2
Let c be (-2360)/15 - (0 + 6/9). Let k = 61 - c. What is the tens digit of k?
1
Let j(q) = -q**3 - 3*q**2 - 2*q - 2. Let o be j(-3). Suppose o*v + 0*v = 12. Suppose -5*u + v*m = -215, 3*m - m = 4*u - 174. What is the units digit of u?
6
Let r(l) = 4*l**3 - 19*l**2 - 4*l - 2. What is the tens digit of r(8)?
9
Let d(u) = -237*u + 167. What is the thousands digit of d(-9)?
2
Let j be (28/35)/(4/10). Suppose -j*c + 284 = 4*y, -2*y + 215 = y + c. What is the units digit of y?
3
Suppose o = 2*o - 3. Let k = o - -24. What is the tens digit of k?
2
Let h be (-54)/(-5) - (-1)/5. Suppose 15*x + 4*x = 0. Let y = h + x. What is the units digit of y?
1
Let p be (-3)/((-24)/20)*(-282)/(-5). Suppose 5*a - 664 = p. What is the hundreds digit of a?
1
Suppose -5*d - 3*p - 30 = 0, d - 3 = -3*d + 3*p. Let w(f) = f + 8. What is the units digit of w(d)?
5
What is the units digit of 248 - ((-56)/7 + 2)?
4
Let b(h) = -h**2 + 12*h + 18. Let o be b(13). Let x(y) = -o*y + y + 10 + 0*y. What is the units digit of x(-7)?
8
Let g(s) = -6*s - 5. Let m be g(-4). Suppose 3*z + 52 = 2*v, 3*v - 95 = -16*z + 12*z. Let i = v - m. What is the units digit of i?
0
What is the thousands digit of (3595 - 1 - -2) + (-8 - -1)?
3
Let n(m) = -60*m - 56. What is the tens digit of n(-5)?
4
Suppose 10*b + x = 5*b + 3051, -b = 5*x - 615. What is the units digit of b?
0
Let g(y) = 6*y**2 - 3*y**2 + y**2 - 9 - y**2 - 10*y. What is the tens digit of g(12)?
0
Suppose 0 = -3*x + 3*z + 993, -3*x = -x + 3*z - 682. Let c = x - 233. What is the tens digit of c?
0
Suppose 3329 = -29*k + 10144. What is the units digit of k?
5
Suppose 7*u - 484 = 2932. What is the units digit of u?
8
Let c = 10757 + -7665. What is the hundreds digit of c?
0
Let b(a) be the third derivative of 0*a + 0 + 6*a**2 - 4/3*a**3 + 1/24*a**4. What is the units digit of b(15)?
7
Let z be 3/(-5) + (-36)/15. Let h be (10/8)/((-2)/(-8)). Let q = z + h. What is the units digit of q?
2
Let c be ((-21)/14)/(3/(-52)). Suppose -2*v + c = -16. What is the tens digit of v?
2
Let n be 0 + (-4 + 7 - 0). Let d(o) = o**3 + 4*o**2 - o + 1. Let q be d(-4). Suppose n*k + 40 = q*k. What is the units digit of k?
0
Let w be (-4)/(-6)*(-11 + 17). Suppose -2*k - w*f = -k + 10, -k = -f - 5. What is the units digit of k/(-2)*(-3 + -36)?
9
Suppose 6*x = -5*c + 8*x + 9060, 3*x - 9085 = -5*c. What is the tens digit of c?
1
Let p(x) = -6*x**3 - x**2 - x + 1. Let z(t) = -2*t**3 + t**2 - t. Let c be z(1). Let i be p(c). Suppose 418 = 7*m + i. What is the units digit of m?
3
Suppose -p - 94 = 4*w, -5*p + 2*w + w = 355. Let v = 391 + p. What is the tens digit of v?
1
Let x(k) = 2*k**2 - 4*k + 3. Let d(c) = -5*c - 3. Let b be d(-2). Suppose -2*f + b*f = 25. What is the units digit of x(f)?
3
Let v(p) = 9*p - 4. Let i be v(3). Let a = i - -17. What is the units digit of a?
0
Let m be 2/9 + 202/(-18). Let i = 10 + m. What is the units digit of (6/i)/(27/(-90))?
0
Let r(j) = 2*j**2 + 4*j + 11. Let h be r(-5). Let t = 77 - h. What is the tens digit of t?
3
Let r(z) = -9*z - 12. Let i be r(5). Let y = i + 361. What is the tens digit of y?
0
What is the units digit of (51/(-2))/(30/(-940))?
9
Suppose 5*l + 5*m - 2*m = -8, 4*m = -3*l - 7. What is the units digit of 10 + 102 - (1 + l)?
2
Let p(w) = -6*w**3 - 9*w**2 + 20*w + 10. Let l(b) = 5*b**3 + 9*b**2 - 19*b - 9. Let q(i) = 5*l(i) + 4*p(i). What is the units digit of q(-10)?
5
Suppose u = -u - 14. Let g(s) = s**2 + 8*s + 10. Let b be g(u). Let c = b + 5. What is the units digit of c?
8
Let h be 1/(-2 + 9/6). What is the tens digit of (0 + (-63)/(-6))*6 + h?
6
Let z(n) be the first derivative of n**4/4 + n**2 + 147*n - 31. What is the tens digit of z(0)?
4
Suppose 3*f + 0*f - 3*w - 15 = 0, w = 3*f - 15. Suppose 3*j - 102 = -c + 4*c, 3*c = f*j - 166. What is the units digit of j?
2
Suppose 561 = 2*i + 28*q - 33*q, 5*q + 844 = 3*i. What is the units digit of i?
3
Suppose 5*n - 6*n + 1 = 0. Let q = n - -18. Suppose -5*x = g - q, 2*g - 58 = -5*x - 15. What is the units digit of g?
4
Let f = 363 + 548. What is the units digit of f?
1
Suppose 9152 + 9361 = 51*q. What is the hundreds digit of q?
3
Let y(h) = 5*h**3 + 9*h**2 + 3*h - 10. Let l(j) = -11*j**3 - 19*j**2 - 6*j + 21. Let z(u) = 6*l(u) + 13*y(u). What is the units digit of z(3)?
5
Let i = 601 - 365. What is the units digit of i?
6
Suppose -8*t + 2*t + 78 = 0. Let l(i) = -2*i - 1. Let s be l(-3). Suppose 3 = -s*d + t. What is the units digit of d?
2
Suppose 18*o = 3*o + 6990. What is the units digit of o?
6
Suppose -8*f + 2080 = 8*f. Let v = f - -183. What is the hundreds digit of v?
3
Let y be (3 + -2)*(-10 - -12). Suppose 3*i = 3*s - s + 133, -5*s = -y*i + 107. What is the units digit of i?
1
Suppose 40*z = 23339 + 92221. What is the hundreds digit of z?
8
Suppose 0 = -3*v - 2*h + 904, -2*h + 2 - 10 = 0. What is the units digit of v?
4
Let s = -93 + 98. Suppose k - 93 = s*m + 13, -90 = -k - 3*m. What is the tens digit of k?
9
Let b(s) = 8*s**2 + 30*s - 3. What is the tens digit of b(-5)?
4
Let b be (-2)/(-1) + (-3)/(9/(-87)). Let r = 42 - b. What is the units digit of r?
1
Suppose -25 = 5*d, 7 = -4*f - 3*d - 24. Let x(i) = i**2 - 5*i - 16. What is the units digit of x(f)?
0
Suppose -4*z - 4*z - 1552 = 0. Let p = -153 - z. What is the tens digit of p?
4
Let t(l) be the f